
What are the prime factors of 941568?
2, 3, 613
List the prime factors of 2251588.
2, 562897
What are the prime factors of 468026?
2, 13, 47, 383
List the prime factors of 9720604.
2, 59, 41189
List the prime factors of 15651921.
3, 229, 22783
List the prime factors of 285010.
2, 5, 11, 2591
List the prime factors of 110003.
41, 2683
What are the prime factors of 18970708?
2, 17, 278981
What are the prime factors of 63632?
2, 41, 97
List the prime factors of 3946093.
1523, 2591
What are the prime factors of 11199647?
139, 197, 409
List the prime factors of 2872339.
101, 28439
What are the prime factors of 1594879?
11, 13, 19, 587
List the prime factors of 2187249.
3, 661, 1103
What are the prime factors of 493728?
2, 3, 37, 139
List the prime factors of 2261909.
13, 173993
What are the prime factors of 4152074?
2, 47, 44171
What are the prime factors of 3919110?
2, 3, 5, 13, 773
List the prime factors of 452645.
5, 90529
What are the prime factors of 2792118?
2, 3, 7, 9497
List the prime factors of 2127829.
11, 19, 10181
What are the prime factors of 10534767?
3, 71, 49459
What are the prime factors of 430981?
430981
What are the prime factors of 232319?
29, 8011
What are the prime factors of 2929837?
241, 12157
What are the prime factors of 2541?
3, 7, 11
List the prime factors of 6536046.
2, 3, 11, 167, 593
What are the prime factors of 814042?
2, 191, 2131
What are the prime factors of 223343?
173, 1291
What are the prime factors of 4515?
3, 5, 7, 43
What are the prime factors of 1340055?
3, 5, 97, 307
List the prime factors of 31923.
3, 3547
List the prime factors of 890336.
2, 27823
List the prime factors of 8669556.
2, 3, 7, 34403
What are the prime factors of 1927769?
53, 36373
List the prime factors of 2139011.
7, 29, 41, 257
List the prime factors of 280200.
2, 3, 5, 467
What are the prime factors of 268564?
2, 67141
List the prime factors of 62603.
62603
List the prime factors of 163111.
13, 12547
What are the prime factors of 6856400?
2, 5, 61, 281
List the prime factors of 1989761.
73, 97, 281
List the prime factors of 3022062.
2, 3, 23, 61, 359
List the prime factors of 1373327.
491, 2797
List the prime factors of 255748.
2, 17, 3761
List the prime factors of 1366895.
5, 167, 1637
List the prime factors of 25683.
3, 7, 1223
List the prime factors of 628316.
2, 13, 43, 281
What are the prime factors of 278697?
3, 92899
List the prime factors of 2050859.
239, 8581
What are the prime factors of 10307555?
5, 101, 20411
What are the prime factors of 1331990?
2, 5, 11, 12109
What are the prime factors of 427986?
2, 3, 13, 31, 59
What are the prime factors of 765512?
2, 11, 8699
What are the prime factors of 1215318?
2, 3, 13, 15581
What are the prime factors of 308931?
3, 7, 47, 313
What are the prime factors of 1575759?
3, 525253
List the prime factors of 20247699.
3, 607, 11119
List the prime factors of 1231128.
2, 3, 17099
List the prime factors of 1490132.
2, 7, 19, 2801
What are the prime factors of 80739?
3, 8971
What are the prime factors of 114510?
2, 3, 5, 11, 347
What are the prime factors of 276781?
276781
What are the prime factors of 2857313?
23, 124231
What are the prime factors of 19484854?
2, 9742427
List the prime factors of 646874.
2, 19, 29, 587
What are the prime factors of 1273018?
2, 487, 1307
List the prime factors of 163986.
2, 3, 151, 181
List the prime factors of 737090.
2, 5, 73709
List the prime factors of 2722902.
2, 3, 7, 13, 4987
List the prime factors of 12463567.
17, 691, 1061
List the prime factors of 100300.
2, 5, 17, 59
What are the prime factors of 177079?
7, 41, 617
List the prime factors of 143093.
143093
What are the prime factors of 193447?
193447
What are the prime factors of 34969?
11, 17
List the prime factors of 176273.
17, 10369
List the prime factors of 256609.
256609
List the prime factors of 1393010.
2, 5, 139301
List the prime factors of 3344823.
3, 131, 2837
What are the prime factors of 121718?
2, 60859
What are the prime factors of 14034490?
2, 5, 67, 20947
List the prime factors of 1775193.
3, 7, 84533
What are the prime factors of 15583369?
15583369
What are the prime factors of 17508440?
2, 5, 47, 67, 139
List the prime factors of 3547749.
3, 653, 1811
List the prime factors of 7067110.
2, 5, 769, 919
What are the prime factors of 7528594?
2, 1039, 3623
What are the prime factors of 27364689?
3, 11, 199, 463
List the prime factors of 611392.
2, 41, 233
What are the prime factors of 1463963?
367, 3989
What are the prime factors of 259951?
191, 1361
What are the prime factors of 3077527?
17, 181031
What are the prime factors of 324978?
2, 3, 54163
List the prime factors of 4077699.
3, 1359233
What are the prime factors of 760944?
2, 3, 83, 191
List the prime factors of 697420.
2, 5, 34871
What are the prime factors of 264410?
2, 5, 137, 193
List the prime factors of 130592.
2, 7, 11, 53
What are the prime factors of 359817?
3, 31, 53, 73
What are the prime factors of 1873068?
2, 3, 156089
What are the prime factors of 578510?
2, 5, 17, 41, 83
What are the prime factors of 7770730?
2, 5, 11, 41, 1723
List the prime factors of 12198673.
17, 739, 971
What are the prime factors of 14775985?
5, 7, 197, 2143
What are the prime factors of 1472041?
1472041
List the prime factors of 738670.
2, 5, 73867
What are the prime factors of 292080?
2, 3, 5, 1217
What are the prime factors of 2467746?
2, 3, 15233
What are the prime factors of 2149441?
7, 37, 43, 193
List the prime factors of 3367931.
7, 481133
What are the prime factors of 301067?
13, 23159
What are the prime factors of 54880?
2, 5, 7
List the prime factors of 2176175.
5, 61, 1427
List the prime factors of 65752.
2, 8219
What are the prime factors of 2548572?
2, 3, 13, 17, 31
List the prime factors of 1206171.
3, 14891
What are the prime factors of 11771633?
17, 41, 16889
List the prime factors of 16287806.
2, 1697, 4799
List the prime factors of 5367457.
1051, 5107
What are the prime factors of 58359?
3, 7, 397
What are the prime factors of 710529?
3, 29, 8167
What are the prime factors of 88849?
23, 3863
What are the prime factors of 296341?
67, 4423
What are the prime factors of 2605818?
2, 3, 434303
What are the prime factors of 304827?
3, 17, 43, 139
What are the prime factors of 62959?
13, 29, 167
List the prime factors of 85560.
2, 3, 5, 23, 31
What are the prime factors of 409165?
5, 19, 59, 73
What are the prime factors of 9537749?
13, 37, 79, 251
What are the prime factors of 68171?
68171
List the prime factors of 250294.
2, 11, 31, 367
List the prime factors of 4272116.
2, 467, 2287
List the prime factors of 313665.
3, 5, 11, 1901
What are the prime factors of 17892?
2, 3, 7, 71
What are the prime factors of 2171746?
2, 1085873
List the prime factors of 1872764.
2, 468191
What are the prime factors of 382646?
2, 11, 17393
What are the prime factors of 25173591?
3, 8391197
List the prime factors of 2625916.
2, 656479
List the prime factors of 7299363.
3, 19, 79, 1621
What are the prime factors of 660031?
23, 28697
What are the prime factors of 1503279?
3, 67, 277
What are the prime factors of 10804?
2, 37, 73
List the prime factors of 1835927.
1303, 1409
List the prime factors of 3008651.
53, 56767
What are the prime factors of 3619501?
3619501
What are the prime factors of 131111?
131111
What are the prime factors of 10398462?
2, 3, 1733077
List the prime factors of 1493053.
31, 48163
What are the prime factors of 167088?
2, 3, 59
What are the prime factors of 20078?
2, 10039
What are the prime factors of 214508?
2, 7, 47, 163
List the prime factors of 11221097.
11221097
What are the prime factors of 3918381?
3, 17, 76831
What are the prime factors of 161417?
31, 41, 127
List the prime factors of 12304410.
2, 3, 5, 29, 14143
What are the prime factors of 190449?
3, 7, 3023
What are the prime factors of 11651609?
257, 45337
List the prime factors of 308523.
3, 102841
What are the prime factors of 175398?
2, 3, 23, 31, 41
List the prime factors of 621259.
621259
List the prime factors of 575610.
2, 3, 5, 7, 2741
What are the prime factors of 4251939?
3, 1417313
What are the prime factors of 28113189?
3, 13, 17, 42403
List the prime factors of 7061789.
7, 673, 1499
What are the prime factors of 115817?
13, 59, 151
List th